 3*s - 1, -3*o + 9 + 8 = -5*s. Let f be s - (-1 + -3 + 0). Suppose k - 4*k + 9 = 0. Calculate the greatest common factor of k and f.
3
Let j(m) = -3*m - 7. Let l be j(-3). What is the highest common factor of l and 1?
1
Suppose -166 = 5*r - 6. Let u be r/(-6)*3/2. Let x = u + 2. Calculate the greatest common divisor of x and 50.
10
Suppose -5*z + 16 = -b, 2 = -3*b + 4*z - 2. Let f(y) = -4*y + 6. Let q be f(6). Let h be 16/6*q/(-8). What is the highest common divisor of b and h?
2
Let t be 3/(4*6/80). What is the greatest common factor of 90 and t?
10
Let b(s) = s**2 + 7*s + 7. Let y be b(-7). Let r = y + -4. Calculate the highest common divisor of r and 9.
3
Suppose -2*y + 125 = c, 2*c = -3*y + c + 185. Calculate the highest common factor of 20 and y.
20
Suppose l + 2*l - 12 = 0, 4*k = -4*l + 72. Let r(j) = 18*j + 10. Let w be r(8). What is the greatest common factor of k and w?
14
Let l be -14*9/6*-15. What is the greatest common divisor of 63 and l?
63
Let k = 29 - 17. Let a(c) = 11*c + 10. Let h be a(4). Let u = -24 + h. Calculate the highest common divisor of u and k.
6
Suppose 5*x + 20 = 0, 5*t - 3*x = 2*x + 65. Calculate the greatest common factor of 45 and t.
9
Suppose -s = -2*h + 3*s + 64, -5*h = -5*s - 145. What is the greatest common divisor of h and 260?
26
Suppose 4*l + 600 = 10*l. What is the greatest common factor of l and 20?
20
Let w(z) = 33*z**3 + 2*z**2 + 3*z - 4. Let c be w(1). What is the greatest common divisor of c and 306?
34
Suppose -3*z + 852 = 4*u, -z - 1409 = -6*z - 3*u. Suppose 0 = -7*k + 2*k + z. Calculate the greatest common factor of k and 7.
7
Let c = -134 + 215. Let i(h) = h**3 + 5*h**2 - 7*h + 3. Let p be i(-6). What is the highest common divisor of p and c?
9
Let g(i) = 26*i - 16. Let a be g(11). Calculate the highest common divisor of 30 and a.
30
Let a be (12/1)/((-24)/(-64)). Calculate the highest common factor of a and 4.
4
Suppose -4*b + 148 = 2*j, -5*j + 2*b + 52 = -294. What is the highest common divisor of j and 10?
10
Suppose 10 = 10*p - 40. Suppose v + 5*m = -2*v - 90, -3*m = 0. Let o be (-3)/2*v/9. What is the greatest common divisor of p and o?
5
Suppose 5*r - 16 = r. Suppose r*f - 5*g - 1 + 2 = 0, 3 = 3*g. Let h(x) = 2*x + 9. Let k be h(-4). What is the highest common divisor of k and f?
1
Let t = 254 - 126. What is the highest common divisor of t and 16?
16
Let i(o) = -7*o - 1. Let g be i(-1). Let x(c) = -2*c**3 + 3*c + 2. Let z be x(-2). Calculate the highest common divisor of z and g.
6
Let u(n) = n**3 - n + 3. Let w be u(0). Calculate the greatest common divisor of 6 and w.
3
Let v be (68/6)/((-2)/(-6)). Let f = 0 - -51. Calculate the highest common factor of f and v.
17
Let h(c) = -38*c**2 - c. Let f be h(1). Let g = f - -25. Let i be g/(-1) + -2 + 1. Calculate the greatest common divisor of i and 13.
13
Suppose 0 = 2*l + 5*g - 14, 3*g = 2 + 4. Suppose 3 = l*t - 3. What is the highest common factor of t and 2?
1
Let y be (-80)/(-6)*(-3)/(-2). Calculate the greatest common divisor of y and 160.
20
Let o = 72 - 57. Let c = -1 - 2. Let i = c + o. What is the highest common divisor of i and 4?
4
Let y(b) = b**3 - 10*b**2 - 12*b + 11. Let l be y(11). Suppose l - 1 = -w - 3*h, -2*h = w - 3. Calculate the greatest common factor of w and 49.
7
Suppose -5*m + 10 + 5 = 0. Suppose 2*a - 3*i - 24 = 0, m*a - i + 3*i = 23. Let b = 2 + a. What is the highest common factor of b and 55?
11
Suppose -t = 2*t - 42. Calculate the highest common divisor of t and 56.
14
Let c = 126 - 9. What is the highest common divisor of c and 13?
13
Suppose -54 = 2*o - 8*o. Let c be (-1634)/(-6) - (-1)/(-3). Suppose 0*j - 5*f + 295 = 5*j, 4*j = 5*f + c. Calculate the greatest common factor of o and j.
9
Let y = 12 - 9. Suppose -y*l = -5*l + 264. What is the highest common factor of 12 and l?
12
Suppose 0 = 3*u - 1 + 10. Let h be 19*u/(3/(-1)). Calculate the greatest common factor of h and 19.
19
Let g(t) be the third derivative of t**4/6 - 5*t**3/3 + 3*t**2. Let k be g(7). Calculate the highest common divisor of k and 2.
2
Let g be -1 + 1 + (-9 - -6). Let o = 7 - g. Calculate the greatest common factor of o and 30.
10
Suppose 4*s - 20 - 44 = 0. Let u(j) = -j**3 - 4*j**2 - 7 + j**3 + 8*j - 1 + j**3. Let z be u(6). What is the greatest common divisor of s and z?
16
Let r(k) = k**3 - 9*k**2 - 16*k + 6. Let y be r(11). Let i = 120 - y. Calculate the highest common factor of i and 16.
16
Suppose 488 = 11*g + 114. What is the greatest common divisor of g and 17?
17
Suppose -5*f - 2*z = -20 - 8, 0 = -2*f + z + 13. What is the greatest common factor of f and 66?
6
Let p = 48 - 33. Calculate the highest common divisor of p and 3.
3
Let s = 37 - -67. What is the highest common divisor of 26 and s?
26
Let a(v) = -v**3 + 5*v**2 + 2*v - 7. Let w be a(2). Calculate the greatest common divisor of 279 and w.
9
Let f(h) = h + 15. Let s be f(0). Suppose -3*q = 3 - 9. Let i = 28 + q. What is the greatest common divisor of s and i?
15
Let d(y) = -y**3 - 5*y**2 - 4*y. Let k be d(-3). Let z(h) = -3*h - 2. Let x be z(k). What is the highest common divisor of x and 24?
8
Suppose -2*r - z = -55, -r + z + 24 = -11. Suppose 5*t + 10 = r. Suppose 0 = -0*p + t*p - 40. Calculate the highest common divisor of p and 10.
10
Let d = 116 + -80. Suppose -z = -5*z + d. Suppose -f = 2*l - 47, 0 = -4*f - 4*l - 92 + 276. What is the highest common factor of f and z?
9
Suppose -4*t + 5*r = -2*t - 4, -3*t = 4*r - 6. Suppose -t*n + 12 = n. Calculate the highest common divisor of 8 and n.
4
Let x = 3 - 5. Let k be 1*(4/(-1))/x. Calculate the highest common divisor of 14 and k.
2
Suppose -3*p = 3*s + 2 - 8, -7 = -4*s - 3*p. Let i be 62/8 - s/(-4). Let j(q) = q - 3. Let u be j(i). Calculate the highest common divisor of 5 and u.
5
Suppose 2*v - 12 = -v. What is the highest common factor of 44 and v?
4
Let o be ((-122)/4)/(4/(-8)). Suppose -27 - o = -4*h. Calculate the greatest common divisor of h and 110.
22
Suppose 1249*g + 160 = 1254*g. Suppose -3*h = 5*y - 7*y - 142, 0 = -2*h - 5*y + 101. Calculate the highest common divisor of g and h.
16
Let v(j) = j**3 - 3*j**2 - j - 6. Let n be v(4). Let m be (n/(-10))/(20/(-100)). Let w = 15 + 0. What is the highest common factor of m and w?
3
Let h be (-4)/3*(1 + -25). Let b = 56 - h. Let u be (2/(-2))/(2/(-12)). What is the highest common divisor of b and u?
6
Let s be ((-50)/(-4))/((-3)/(-6)). Calculate the highest common factor of s and 10.
5
Let g = 691 - 187. Suppose -4*p = -8*p + g. Let z = 51 - 33. Calculate the highest common divisor of z and p.
18
Let u be (-17)/(-1) + (-2)/2. Let a(t) = 32*t + 110*t - u*t. Let i be a(1). Calculate the greatest common divisor of i and 14.
14
Let t(d) = -47*d**3 + 2*d**2 + d. Let m be t(-1). Suppose 3*x - 7*x + m = 0. What is the greatest common divisor of 12 and x?
12
Suppose -3*v - v + 616 = 0. Calculate the greatest common factor of 14 and v.
14
Suppose 3*o - 71 = -5*k - 0*o, -5*k + 65 = 5*o. Suppose 0 = -2*i + 10 - 6. Calculate the highest common factor of k and i.
2
Suppose -4*m - f = 3 - 13, -m = -f. Let c = -31 + 41. What is the greatest common divisor of c and m?
2
Suppose -2*k = -0*k - 2*m - 402, 2*m = 5*k - 1002. Calculate the highest common divisor of 8 and k.
8
Let c = -51 + 52. Let d be (-67)/(-3) + (-4)/(-6). Let r be d/2 + (-1)/2. What is the highest common divisor of r and c?
1
Suppose 0*w - 4*z = -w + 14, -13 = -2*w + 3*z. Let t = 19 + w. Calculate the greatest common factor of t and 63.
21
Suppose -3*v + 5*i - 70 = 0, 0*v - 3*i = -4*v - 108. Let u be v/9*54/(-10). What is the greatest common divisor of 2 and u?
2
Let j(w) = 2 - 10*w**2 + 3 + 32*w**2. Let s be j(-4). Suppose -27 = -4*d + s. Calculate the highest common divisor of d and 24.
24
Suppose -3*v = -z + 5, -4*z + 4*v + 28 = -0*z. Calculate the greatest common divisor of z and 32.
8
Let s = 72 - 64. Let h = -1 - -2. What is the highest common divisor of s and h?
1
Suppose -4*c + 0*c + 168 = 0. Let q = c - 23. Calculate the highest common divisor of q and 171.
19
Let b = -67 - -75. What is the highest common factor of 6 and b?
2
Let v be 3 + 1 + -1 + -1. What is the highest common factor of v and 4?
2
Let o = 227 + -107. Let i(y) = y**3 - 3*y**2 - 6*y - 5. Let z be i(5). What is the greatest common factor of o